hat is the units digit of 6193?
3
What is the units digit of 16571?
1
What is the tens digit of 162?
6
What is the hundreds digit of 1013?
0
What is the hundreds digit of 590?
5
What is the units digit of 1140?
0
What is the thousands digit of 14491?
4
What is the ten thousands digit of 36223?
3
What is the thousands digit of 2056?
2
What is the thousands digit of 20353?
0
What is the hundreds digit of 3882?
8
What is the hundreds digit of 3786?
7
What is the units digit of 5281?
1
What is the tens digit of 16526?
2
What is the tens digit of 18281?
8
What is the units digit of 4753?
3
What is the units digit of 4052?
2
What is the ten thousands digit of 85269?
8
What is the thousands digit of 2168?
2
What is the thousands digit of 10174?
0
What is the hundreds digit of 1116?
1
What is the thousands digit of 2561?
2
What is the hundreds digit of 1761?
7
What is the units digit of 10516?
6
What is the units digit of 2184?
4
What is the tens digit of 440?
4
What is the thousands digit of 25531?
5
What is the tens digit of 18577?
7
What is the units digit of 979?
9
What is the ten thousands digit of 35145?
3
What is the tens digit of 276?
7
What is the hundreds digit of 4101?
1
What is the hundreds digit of 4864?
8
What is the tens digit of 972?
7
What is the tens digit of 38786?
8
What is the ten thousands digit of 43876?
4
What is the tens digit of 3336?
3
What is the hundreds digit of 4347?
3
What is the tens digit of 9744?
4
What is the thousands digit of 11043?
1
What is the hundreds digit of 11970?
9
What is the ten thousands digit of 43445?
4
What is the thousands digit of 4489?
4
What is the ten thousands digit of 33432?
3
What is the units digit of 14490?
0
What is the thousands digit of 1195?
1
What is the units digit of 9639?
9
What is the tens digit of 8813?
1
What is the hundreds digit of 11615?
6
What is the hundred thousands digit of 104951?
1
What is the units digit of 6067?
7
What is the units digit of 987?
7
What is the hundreds digit of 728?
7
What is the tens digit of 901?
0
What is the thousands digit of 2739?
2
What is the hundreds digit of 43888?
8
What is the tens digit of 11114?
1
What is the tens digit of 294?
9
What is the units digit of 552?
2
What is the thousands digit of 73727?
3
What is the hundreds digit of 746?
7
What is the tens digit of 4783?
8
What is the tens digit of 1216?
1
What is the tens digit of 24292?
9
What is the units digit of 2143?
3
What is the thousands digit of 4173?
4
What is the thousands digit of 1264?
1
What is the units digit of 643?
3
What is the ten thousands digit of 11366?
1
What is the ten thousands digit of 45669?
4
What is the tens digit of 25963?
6
What is the hundreds digit of 2605?
6
What is the hundreds digit of 5948?
9
What is the hundreds digit of 545?
5
What is the hundreds digit of 24858?
8
What is the thousands digit of 1917?
1
What is the units digit of 94550?
0
What is the thousands digit of 50745?
0
What is the hundreds digit of 2142?
1
What is the units digit of 2109?
9
What is the units digit of 1122?
2
What is the hundreds digit of 4414?
4
What is the tens digit of 737?
3
What is the tens digit of 106970?
7
What is the ten thousands digit of 20441?
2
What is the hundreds digit of 1534?
5
What is the tens digit of 6772?
7
What is the units digit of 23669?
9
What is the units digit of 5497?
7
What is the hundred thousands digit of 121517?
1
What is the hundreds digit of 814?
8
What is the thousands digit of 21444?
1
What is the thousands digit of 1434?
1
What is the units digit of 1324?
4
What is the units digit of 2648?
8
What is the thousands digit of 5512?
5
What is the units digit of 25919?
9
What is the tens digit of 4486?
8
What is the units digit of 7878?
8
What is the units digit of 76569?
9
What is the ten thousands digit of 57224?
5
What is the thousands digit of 13113?
3
What is the hundreds digit of 3711?
7
What is the hundreds digit of 623?
6
What is the units digit of 866?
6
What is the hundreds digit of 449?
4
What is the tens digit of 59884?
8
What is the hundreds digit of 2077?
0
What is the units digit of 40660?
0
What is the hundreds digit of 48252?
2
What is the tens digit of 2181?
8
What is the units digit of 167859?
9
What is the hundreds digit of 1247?
2
What is the hundreds digit of 2262?
2
What is the ten thousands digit of 11118?
1
What is the tens digit of 287?
8
What is the tens digit of 1770?
7
What is the tens digit of 869?
6
What is the units digit of 814?
4
What is the hundred thousands digit of 129517?
1
What is the tens digit of 169?
6
What is the units digit of 2783?
3
What is the hundreds digit of 157117?
1
What is the ten thousands digit of 15102?
1
What is the thousands digit of 1535?
1
What is the thousands digit of 17052?
7
What is the tens digit of 2177?
7
What is the hundreds digit of 7467?
4
What is the hundreds digit of 31593?
5
What is the hundreds digit of 478?
4
What is the hundreds digit of 5113?
1
What is the tens digit of 3393?
9
What is the units digit of 5902?
2
What is the thousands digit of 3604?
3
What is the thousands digit of 56951?
6
What is the tens digit of 25672?
7
What is the thousands digit of 11097?
1
What is the thousands digit of 78697?
8
What is the thousands digit of 24970?
4
What is the thousands digit of 8294?
8
What is the tens digit of 2416?
1
What is the units digit of 1564?
4
What is the units digit of 3436?
6
What is the units digit of 47176?
6
What is the tens digit of 6604?
0
What is the tens digit of 491?
9
What is the thousands digit of 11783?
1
What is the units digit of 11291?
1
What is the tens digit of 1665?
6
What is the hundreds digit of 3070?
0
What is the tens digit of 1877?
7
What is the tens digit of 28289?
8
What is the thousands digit of 3020?
3
What is the tens digit of 22491?
9
What is the ten thousands digit of 23386?
2
What is the hundreds digit of 25667?
6
What is the units digit of 2284?
4
What is the tens digit of 34459?
5
What is the ten thousands digit of 79779?
7
What is the units digit of 77544?
4
What is the ten thousands digit of 48050?
4
What is the hundreds digit of 15581?
5
What is the tens digit of 42?
4
What is the hundreds digit of 11026?
0
What is the hundreds digit of 197?
1
What is the tens digit of 12322?
2
What is the tens digit of 6208?
0
What is the tens digit of 656?
5
What is the tens digit of 1405?
0
What is the units digit of 185?
5
What is the tens digit of 42581?
8
What is the hundreds digit of 2086?
0
What is the thousands digit of 6216?
6
What is the hundreds digit of 1438?
4
What is the ten thousands digit of 55039?
5
What is the hundreds digit of 8348?
3
What is the thousands digit of 20595?
0
What is the units digit of 435?
5
What is the hundreds digit of 1457?
4
What is the tens digit of 6515?
1
What is the thousands digit of 2456?
2
What is the tens digit of 10989?
8
What is the hundreds digit of 251?
2
What is the thousands digit of 5967?
5
What is the units digit of 1339?
9
What is the units digit of 2183?
3
What is the units digit of 2596?
6
What is the hundreds digit of 50085?
0
What is the units digit of 204549?
9
What is the tens digit of 96766?
6
What is the thousands digit of 29216?
9
What is the hundreds digit of 4937?
9
What is the hundred thousands digit of 136454?
1
What is the hundreds digit of 1912?
9
What is the hundreds digit of 1494?
4
What is the units digit of 2795?
5
What is the tens digit of 8113?
1
What is the thousands digit of 1598?
1
What is the tens digit of 8763?
6
What is the thousands digit of 2139?
2
What is the hundreds digit of 855?
8
What is the tens digit of 170?
7
What is the hundreds digit of 86112?
1
What is the tens digit of 33?
3
What is the tens digit of 555?
5
What is the hundreds digit of 44844?
8
What is the units digit of 2651?
1
What is the hundreds digit of 1847?
8
What is the thousands digit of 47037?
7
What is the thousands digit of 4985?
4
What is the tens digit of 3005?
0
What is the hundreds digit of 6863?
8
What is the thousands digit of 61504?
1
What is the thousands digit of 18493?
8
What is the hundreds digit of 1318?
3
What is the thousands digit of 1261?
1
What is the ten thousands digit of 24591?
2
What is the units digit of 706?
6
What is the units digit of 4808?
8
What is the unit